er when 81 is divided by 46.
35
Calculate the remainder when 262 is divided by 38.
34
Calculate the remainder when 373 is divided by 22.
21
What is the remainder when 385 is divided by 131?
123
What is the remainder when 27 is divided by 19?
8
Calculate the remainder when 588 is divided by 58.
8
What is the remainder when 331 is divided by 43?
30
What is the remainder when 467 is divided by 59?
54
Calculate the remainder when 166 is divided by 14.
12
What is the remainder when 606 is divided by 19?
17
Calculate the remainder when 256 is divided by 70.
46
Calculate the remainder when 139 is divided by 15.
4
What is the remainder when 87 is divided by 54?
33
What is the remainder when 276 is divided by 47?
41
Calculate the remainder when 280 is divided by 106.
68
What is the remainder when 123 is divided by 115?
8
What is the remainder when 161 is divided by 59?
43
What is the remainder when 2536 is divided by 85?
71
What is the remainder when 814 is divided by 71?
33
What is the remainder when 39 is divided by 25?
14
What is the remainder when 1418 is divided by 129?
128
What is the remainder when 288 is divided by 264?
24
Calculate the remainder when 861 is divided by 287.
0
Calculate the remainder when 197 is divided by 18.
17
What is the remainder when 333 is divided by 21?
18
What is the remainder when 4439 is divided by 101?
96
What is the remainder when 399 is divided by 120?
39
What is the remainder when 1519 is divided by 297?
34
What is the remainder when 1237 is divided by 10?
7
What is the remainder when 579 is divided by 192?
3
Calculate the remainder when 60 is divided by 35.
25
What is the remainder when 1750 is divided by 350?
0
What is the remainder when 369 is divided by 151?
67
Calculate the remainder when 137 is divided by 43.
8
What is the remainder when 82 is divided by 80?
2
Calculate the remainder when 2484 is divided by 22.
20
What is the remainder when 149 is divided by 12?
5
Calculate the remainder when 1702 is divided by 19.
11
Calculate the remainder when 1513 is divided by 15.
13
Calculate the remainder when 177 is divided by 15.
12
Calculate the remainder when 3261 is divided by 64.
61
What is the remainder when 100 is divided by 26?
22
Calculate the remainder when 99 is divided by 37.
25
What is the remainder when 57 is divided by 19?
0
Calculate the remainder when 1379 is divided by 172.
3
What is the remainder when 345 is divided by 86?
1
What is the remainder when 961 is divided by 46?
41
What is the remainder when 439 is divided by 40?
39
Calculate the remainder when 280 is divided by 71.
67
What is the remainder when 50 is divided by 19?
12
Calculate the remainder when 9925 is divided by 17.
14
What is the remainder when 3679 is divided by 115?
114
What is the remainder when 3373 is divided by 47?
36
Calculate the remainder when 3487 is divided by 218.
217
Calculate the remainder when 24 is divided by 9.
6
Calculate the remainder when 41 is divided by 12.
5
Calculate the remainder when 24 is divided by 16.
8
What is the remainder when 24 is divided by 9?
6
What is the remainder when 63 is divided by 31?
1
What is the remainder when 220 is divided by 28?
24
Calculate the remainder when 409 is divided by 57.
10
What is the remainder when 4477 is divided by 14?
11
Calculate the remainder when 2788 is divided by 19.
14
What is the remainder when 509 is divided by 34?
33
What is the remainder when 239 is divided by 84?
71
Calculate the remainder when 189 is divided by 31.
3
Calculate the remainder when 596 is divided by 116.
16
What is the remainder when 11097 is divided by 14?
9
Calculate the remainder when 555 is divided by 185.
0
Calculate the remainder when 56 is divided by 6.
2
What is the remainder when 3195 is divided by 68?
67
Calculate the remainder when 1201 is divided by 28.
25
Calculate the remainder when 219 is divided by 93.
33
Calculate the remainder when 737 is divided by 20.
17
What is the remainder when 20798 is divided by 80?
78
What is the remainder when 41 is divided by 3?
2
What is the remainder when 148 is divided by 86?
62
What is the remainder when 98 is divided by 26?
20
What is the remainder when 249 is divided by 131?
118
Calculate the remainder when 492 is divided by 7.
2
What is the remainder when 779 is divided by 366?
47
Calculate the remainder when 2486 is divided by 5.
1
What is the remainder when 4042 is divided by 19?
14
Calculate the remainder when 5028 is divided by 129.
126
What is the remainder when 532 is divided by 168?
28
What is the remainder when 49 is divided by 26?
23
What is the remainder when 473 is divided by 151?
20
What is the remainder when 158 is divided by 55?
48
Calculate the remainder when 22 is divided by 18.
4
Calculate the remainder when 192 is divided by 13.
10
What is the remainder when 1137 is divided by 76?
73
Calculate the remainder when 320 is divided by 70.
40
What is the remainder when 196 is divided by 81?
34
Calculate the remainder when 82 is divided by 7.
5
Calculate the remainder when 2119 is divided by 18.
13
What is the remainder when 35 is divided by 33?
2
Calculate the remainder when 166 is divided by 22.
12
What is the remainder when 496 is divided by 20?
16
What is the remainder when 280 is divided by 32?
24
What is the remainder when 22 is divided by 9?
4
Calculate the remainder when 591 is divided by 162.
105
What is the remainder when 1440 is divided by 461?
57
What is the remainder when 2143 is divided by 164?
11
Calculate the remainder when 1303 is divided by 441.
421
Calculate the remainder when 611 is divided by 50.
11
Calculate the remainder when 749 is divided by 5.
4
What is the remainder when 438 is divided by 128?
54
What is the remainder when 228 is divided by 58?
54
Calculate the remainder when 374 is divided by 77.
66
What is the remainder when 30 is divided by 8?
6
Calculate the remainder when 981 is divided by 225.
81
Calculate the remainder when 124 is divided by 34.
22
Calculate the remainder when 4615 is divided by 420.
415
Calculate the remainder when 42 is divided by 12.
6
Calculate the remainder when 27567 is divided by 5.
2
Calculate the remainder when 38 is divided by 20.
18
What is the remainder when 588 is divided by 74?
70
What is the remainder when 390 is divided by 31?
18
What is the remainder when 306 is divided by 24?
18
Calculate the remainder when 1010 is divided by 1004.
6
What is the remainder when 5122 is divided by 84?
82
Calculate the remainder when 122 is divided by 94.
28
What is the remainder when 367 is divided by 12?
7
What is the remainder when 714 is divided by 55?
54
What is the remainder when 14363 is divided by 11?
8
Calculate the remainder when 2992 is divided by 744.
16
Calculate the remainder when 217 is divided by 44.
41
What is the remainder when 1870 is divided by 13?
11
What is the remainder when 81 is divided by 14?
11
Calculate the remainder when 48 is divided by 20.
8
What is the remainder when 3716 is divided by 20?
16
What is the remainder when 70 is divided by 4?
2
Calculate the remainder when 45 is divided by 6.
3
Calculate the remainder when 740 is divided by 19.
18
What is the remainder when 2953 is divided by 38?
27
What is the remainder when 30 is divided by 20?
10
What is the remainder when 3478 is divided by 44?
2
What is the remainder when 234 is divided by 109?
16
What is the remainder when 937 is divided by 320?
297
Calculate the remainder when 236 is divided by 38.
8
Calculate the remainder when 3771 is divided by 51.
48
Calculate the remainder when 78 is divided by 15.
3
Calculate the remainder when 322 is divided by 27.
25
Calculate the remainder when 936 is divided by 109.
64
What is the remainder when 1535 is divided by 506?
17
Calculate the remainder when 160 is divided by 18.
16
What is the remainder when 466 is divided by 124?
94
Calculate the remainder when 128 is divided by 28.
16
What is the remainder when 1775 is divided by 32?
15
What is the remainder when 3338 is divided by 5?
3
What is the remainder when 724 is divided by 234?
22
What is the remainder when 123 is divided by 69?
54
Calculate the remainder when 5412 is divided by 57.
54
What is the remainder when 604 is divided by 198?
10
What is the remainder when 100 is divided by 58?
42
Calculate